 y be (42/2)/3 - b. Give z(y).
-9
Let c(b) be the second derivative of -b**4/6 + b**3/3 + 5*b. Let y(h) = h**2. Let q(s) = -c(s) - y(s). What is q(2)?
0
Let s(y) = -5*y - 5. Let w(x) = -5*x - 6. Let v(k) = -6*s(k) + 5*w(k). Let q(f) = f**2 + f + 1. Let n be q(-1). Determine v(n).
5
Let r = 0 - 11. Let i(g) = -9*g**2 + 2*g - 15. Let q(j) = -5*j**2 + j - 8. Let v(a) = r*q(a) + 6*i(a). Let x = 1 - 1. Calculate v(x).
-2
Let t(a) = -a**2 + 3*a + 8. Suppose m - 5*m - 2*i = -36, -3*m - 4*i = -37. Calculate t(m).
-20
Let h(c) = c**2 - 7*c - 2. Let o be h(6). Let n = -5 - o. Suppose n*g = -g. Let j(v) = v**2 - v - 4. Determine j(g).
-4
Let r(u) = -6*u - 6. Let x(f) = -f**3 + f**2 - f - 4. Let o be x(0). Give r(o).
18
Let g(t) = -t - 2. Let s be (-4)/(-6) - 7/(-3). Let d be s/(-4) - 46/(-8). What is g(d)?
-7
Let f(j) = 7*j - 5. Let i(u) = 3*u - 3. Let m(a) = -2*f(a) + 5*i(a). Let h be m(5). Let q(z) = -z + 8. Determine q(h).
8
Let h(v) = -v**3 + 4*v**2 - 3*v - 1. Let i(l) = -2*l. Let y be i(-6). Let s(j) = -2*j - 10. Let a be s(-7). Suppose a*g = 8*g - y. Give h(g).
-1
Let p(w) = -2*w**2 + 9*w - 15. Let x(m) = m**2 - 4*m + 8. Let v be 5*-1*(-1)/(-1). Let n(i) = v*x(i) - 3*p(i). Let l = 12 + -7. Calculate n(l).
-5
Let c = 7 - 3. Let j be (3/c)/(1/(-8)). Let z be 4/j + 15/9. Let i(l) = -5*l**3 + l**2 - l + 1. Calculate i(z).
-4
Let k(i) = 6*i + 1 - 2 - 10*i. Give k(1).
-5
Let l be (-10)/25 + (-24)/(-10). Let i(c) = -c - 5 + 2 + 1 + l*c. Give i(0).
-2
Suppose 5*j - 3 - 2 = 0. Let g(f) be the second derivative of -2*f + 1/2*f**2 + 0 - 1/2*f**3. Calculate g(j).
-2
Let l(y) = -y + 3. Suppose 116 = -2*m + v, -m = -3*m + 5*v - 132. Let b be (-8)/36 + m/(-9). Let s = b + -1. Determine l(s).
-2
Let j(w) = -w + 1. Let f(r) be the second derivative of 0 + 0*r**2 + 1/6*r**3 + r. Let k be f(6). What is j(k)?
-5
Let l(g) = -g**2 + 9*g + 6. Suppose 3*j - 32 = -5. What is l(j)?
6
Let m(h) be the third derivative of -1/24*h**4 + 0*h**3 + 0*h + 3*h**2 + 0. Determine m(6).
-6
Let a = 95 - 90. Let w(f) = -2*f - 2. Determine w(a).
-12
Let r(o) = 2 - 2*o**2 + 4*o**2 + 2*o + o**3 - 3. Suppose -k + y + 13 = 0, 0*y + 59 = 5*k - 3*y. Suppose -10*a = -5*a + k. Calculate r(a).
-5
Let o(t) be the third derivative of t**4/8 + t**3/6 - 3*t**2. Determine o(1).
4
Let j(q) = -8*q - 32. Let i(s) = 3*s + 11. Let m(u) = 14*i(u) + 5*j(u). Let t = 2 + 2. What is m(t)?
2
Let k(q) be the first derivative of -8*q**3/3 + 1. Let a be (1 + 0)*(5 + -6). Give k(a).
-8
Let q(a) = a**2 + 5*a + 4. Let x be (-6)/27 + 38/9. Let f = -20 + 22. Suppose 2*g - 6 = -x*r, f*r = 4*g + 3*r + 16. Calculate q(g).
4
Let f be (-4)/6 + 57/(-9) + 4. Let y(s) = s**2 + 3*s. Give y(f).
0
Let f(r) = -2*r**3 + r**2 + r - 1. Let z(d) = -d**2 + 3*d + 1. Let n be z(3). Suppose -n = -u + 2. Suppose -u*k = -k + 2*a + 8, -10 = 5*k + 3*a. What is f(k)?
-1
Let a(v) be the third derivative of v**5/60 - v**4/6 - v**3/2 - 48*v**2. Give a(4).
-3
Let d(y) be the first derivative of -y**5/20 - y**4/3 + 5*y**2/2 + y + 1. Let g(k) be the first derivative of d(k). Let m = 23 - 27. Determine g(m).
5
Let q(y) = 8*y**2 - 6*y - 6. Let k(d) = 7*d**2 - 5*d - 6. Let s(m) = 7*k(m) - 6*q(m). Suppose -13*z + 26*z = 0. Calculate s(z).
-6
Let u(o) = o + 1. Let i(w) = -w**2 + 7*w + 12. Let j be i(9). Determine u(j).
-5
Let o(q) = -q + 3*q**2 - 2 - 4*q**2 + 4*q. Let u = 0 - -21. Let j = -17 + u. Give o(j).
-6
Let h(c) be the third derivative of c**5/60 + 7*c**4/24 - c**3/3 - 12*c**2. What is h(-4)?
-14
Suppose -5*r - 3*u + 6 = 0, 3*r + 0*r + 5*u = 10. Let m(j) = 0*j**2 + 0*j**2 + 3 + j**3 - j. What is m(r)?
3
Let l(o) = -o**3 - o**2 + 7*o + 3. Let c(a) = 5*a - 3*a**2 + 5 + 13*a - 2*a**3 - 4*a. Let q(g) = -3*c(g) + 5*l(g). Calculate q(-5).
10
Let w be (-2 - 0)/(2/11). Let k = w - -16. Let x(b) = -1 + k - 2*b - 3 - b**2. Give x(-3).
-2
Let s(c) = 3*c + 22. Let d be s(-11). Let k = d + 8. Let r(u) = -u**3 - 2*u**2 + 3*u - 3. What is r(k)?
-3
Let o be (-10)/25 - (-34)/10. Suppose -2*f + o*f = -5. Let k = -2 - f. Let b(y) = y**3 - 5*y**2 + 2*y + 3. Calculate b(k).
-9
Suppose 12 = 4*t - 12. Let g(p) = 0*p**3 - 10*p + t + 6*p**2 - p**3 + 8*p. Calculate g(6).
-6
Let o(p) = 2*p. Let a be 10*2/8*-2. Let f(l) = -l**2 - 6*l - 7. Let u be f(a). What is o(u)?
-4
Let v = -1 + 2. Let a(c) = c**3 - c**3 - 2*c + v + c**2 + 3*c**3 + c**2. Give a(1).
4
Let g = 134 - 131. Let a(o) = -o**3 + 2*o**2 + 3*o + 2. Give a(g).
2
Let j(m) be the second derivative of 3*m**5/20 + 2*m**2 - m. Let n(h) be the first derivative of j(h). Determine n(-1).
9
Let f be 1/(3/12) - 2. Suppose -f*k + 0*t = -4*t - 2, -2*t + 3 = -5*k. Let z(b) be the second derivative of -3*b**5/10 + b**3/6 - b. Determine z(k).
5
Let j(k) = k**3 - 6*k**2 + 2*k - 8. Let v be j(6). Let l(m) = -3 - 4*m**2 - 2*m + v*m**2 - 2*m**2. Determine l(-2).
-7
Let v = 3 - -1. Let a(g) = -4*g**2 - 3*g**3 + 2*g**3 + 2 + v*g**3 - 2*g**3. What is a(4)?
2
Let j(w) be the first derivative of 1 + 4*w - 5/2*w**2 - 1/3*w**3. Suppose 0 = -5*q - 3*y - 31, -1 = q + y - 3*y. Calculate j(q).
4
Let m be (6/(-9))/((-4)/18). Let h(l) = -2*l + 0*l**3 - 3*l**2 + 4*l + l**m. Give h(3).
6
Let z(r) = -r + 7. Let f(j) = -1. Let x(w) = -6*f(w) - z(w). Let q = 512 - 507. Calculate x(q).
4
Let d(m) = m**3 - 2*m**2 - 4*m - 2. Suppose -2*b = -4*y - 0*y - 4, 2*b - y = -2. Determine d(b).
-10
Let m(h) be the first derivative of -h**4/4 + 5*h**3/3 - 3*h**2/2 + 6*h + 1. Let s = 9 + -5. Determine m(s).
10
Let o(n) be the first derivative of -n**2/2 + 4*n + 1. Let q(b) = -2*b - 4. Let g be q(-3). Suppose f = -2*i - g*i - 11, 0 = 3*f - 3. Give o(i).
7
Suppose 0 = 2*t + 4*i - 18, 3*t + 1 = -4*i + 18. Let l(a) = -a**3 + a**2 + a. Let v(d) = 19*d**3 + 1. Let y(o) = -l(o) - v(o). Calculate y(t).
17
Let m be (-6)/4*24/(-4). Let s(f) be the first derivative of -1/2*f**2 - 1 - m*f. What is s(-5)?
-4
Suppose -2*h - 3*y + 19 = -0*h, -y - 1 = -3*h. Let j(i) = -15*i**h + 21*i**2 + 2*i**3 - 3*i**3 + 5 - 5*i. Let l be 47/9 + 2/(-9). Give j(l).
5
Suppose 4*p = 5*u - 2*u + 1, -3*p + 6 = 3*u. Let c(o) = 0*o - u - o - 1 + 0 - o**2. What is c(-2)?
-4
Suppose -2*u - t = -0*u + 13, -4*u - 3*t = 29. Let r(l) = 2*l + 4 - 2 - 7*l + 2 - l**2. Calculate r(u).
4
Let l(w) = w - 6. Suppose 3*f = 5*k - 164, 42 = k + 3*f + f. Suppose -4*r + 46 + k = 0. Suppose 6*g - 10 = 2*g + 2*n, 5*g - n - r = 0. Give l(g).
-1
Let x(w) = 15*w**2 + 12*w - 4. Let m(r) = 7*r**2 + 6*r - 2. Let v(i) = 13*m(i) - 6*x(i). Determine v(-6).
-2
Let v(r) = r**2 + 6*r - 1. Suppose -m - 5 = p, -p - 5*m = -3*p - 10. Determine v(p).
-6
Let h(m) = -m**3 + 3*m**2 + m + 4. Let b(x) = -2*x + 22. Let r be b(9). Give h(r).
-8
Let y(z) = -z**3 + 2*z**2 + 7*z - 7. Let r(x) = -x + 1. Let k(n) = -6*r(n) - y(n). Give k(-2).
-13
Let n(c) be the third derivative of -c**6/120 - c**5/15 + c**4/4 - c**3/3 - c**2. Calculate n(-5).
-7
Let t = 5 - 5. Suppose 0 = 3*c + 5*x + 43, t*c = -2*c + x - 7. Let m(i) = i**3 + 7*i**2 + 8*i. Calculate m(c).
-12
Let f(m) = -112*m - 3*m**3 - 4*m**2 + 4*m**3 + 2 + 1 + 113*m. Suppose -6*j + 5*j + 3 = 0. Calculate f(j).
-3
Let w(h) be the third derivative of -h**6/120 - h**5/10 - h**3/6 - 3*h**2. Give w(-6).
-1
Let m(q) = 4*q**2 - 3 - 4*q**2 + 3*q**2. Let u(i) = 6*i**2 - i - 7. Let l(c) = 5*m(c) - 2*u(c). Determine l(1).
4
Let i(g) = g**2 - 3*g + 3. Let x(z) = 2*z - 8. Let n be x(5). Give i(n).
1
Let i(r) = r**3 - 4*r**2 - r + 4. Let h be (-2)/14 - (-29)/7. Let t be (h/(-12))/((-2)/24). What is i(t)?
0
Let m(t) be the first derivative of -t**2 + 2*t + 1. Let g = 5 + -3. Give m(g).
-2
Let n(h) = h**3 - 5*h**2 - 6*h - 7. Let v be n(6). Let o(d) = -d - 2. Let l(b) = -1. Let y(w) = 6*l(w) + o(w). Calculate y(v).
-1
Let t(u) = -u**2 - 5*u + 2. Let j = 77 - 83. Calculate t(j).
-4
Let r(w) = w**3 + 5*w**2 - 7*w - 4. Let i be r(-6). Let h be 5/(-2)*i/1. Let y(u) = u + 5. Calculate y(h).
0
Let o be (2/6)/((-1)/(-27)). Suppose -4*r = -x - o, 5*r - 7 - 5 = 2*x. Let h(z) = 0*z - 3*z - 1 + 2*z**r - z**2. What is h(4)?
3
Let o(n) = n**2 + n + 1. Let a be (2/(-3))/(6/(-9)). Suppose 2 = 4*f - 2. Let r(y) = -3*y**2 - 2. Let x(w) = a*o(w) + f*r(w). Give x(2).
-7
Let y be (-6*1)/((-3)/(-2)). Let i = y - -6. Let r(q) = -12*q**2 - 2 + 6*q**2 + 4*q**2 + q. Determine r(i).
-8
Suppose 1 + 7 = 4*x. Let j(f) = -4 + x*f**3 - f**3 + 